{"id":55,"date":"2015-09-22T13:43:50","date_gmt":"2015-09-22T13:43:50","guid":{"rendered":"http:\/\/salmentaka.com\/kyla\/?page_id=55"},"modified":"2016-10-20T12:33:40","modified_gmt":"2016-10-20T09:33:40","slug":"pohjalahti","status":"publish","type":"page","link":"http:\/\/salmentaka.com\/kyla\/pohjalahti\/","title":{"rendered":"Pohjalahti"},"content":{"rendered":"<p>Pohjalahdessa on ollut 1500-luvulla kolme taloa. Talot olivat Jussila eli Isotalo, Sepp\u00e4l\u00e4 ja Lasse Tuomaanpoika Kesolaisen talo, kertoo \u00c4L\u00c4H\u00c4N H\u00c4TT\u00c4ILE\u2013kirja. Pohjalahdentien varressa on Tyryll\u00e4 aiemmin Epaalaan kuuluneita taloja. Kyl\u00e4n kautta kulki aikoinaan nk. Laukaantie. Vasta uuden tien rakentaminen Pelisalmen kautta lyhensi matkaa Kangasalta Keski-Suomeen. Keski-Suomessa olivat alueen mets\u00e4miesten pyyntialueet aikana, jolloin elanto oli mets\u00e4styksen ja kalastuksen varassa. Nykyisin p\u00e4\u00e4llystetty tie alkaa Tyryn risteyksest\u00e4 tai toiseen suuntaan Kangasalta tai Tampereelta Salmentaakse tai Luikalaan tultaessa, alkaa soratie. Sorateiden v\u00e4hyys tuokin rallikuskeja n\u00e4ille teille, mm. Tyrylt\u00e4 Oksij\u00e4rventien kautta Tursolaan. Ennen oikaisua Pohjalahdentie oli Suomen mutkaisin tie.<br \/>\nKyl\u00e4ss\u00e4 on vilkasta yritystoimintaa, tosin useiden ty\u00f6paikka on matkojen takana Kangasalla tai Tampereella.<\/p>\n<p><!-- index.php -->\n<div\n\tclass=\"ngg-galleryoverview\n\t ngg-ajax-pagination-none\t\"\n\tid=\"ngg-gallery-07f17a9caa15c6ab67c3e0a45b1dd40a-1\">\n\n\t\t\t<!-- Thumbnails -->\n\t\t\t\t<div id=\"ngg-image-0\" class=\"ngg-gallery-thumbnail-box\"\n\t\t\t\t\t\t\t\t\t\t\t>\n\t\t\t\t\t\t<div class=\"ngg-gallery-thumbnail\">\n\t\t\t<a href=\"http:\/\/salmentaka.com\/kyla\/wp-content\/gallery\/pohjalahti\/PohjalahdenKyl%C3%A42.jpg\"\n\t\t\t\ttitle=\"\"\n\t\t\t\tdata-src=\"http:\/\/salmentaka.com\/kyla\/wp-content\/gallery\/pohjalahti\/PohjalahdenKyl%C3%A42.jpg\"\n\t\t\t\tdata-thumbnail=\"http:\/\/salmentaka.com\/kyla\/wp-content\/gallery\/pohjalahti\/thumbs\/thumbs_PohjalahdenKyl%C3%A42.jpg\"\n\t\t\t\tdata-image-id=\"12\"\n\t\t\t\tdata-title=\"PohjalahdenKyl\u00e42\"\n\t\t\t\tdata-description=\"\"\n\t\t\t\tdata-image-slug=\"pohjalahdenkyl%c3%a42\"\n\t\t\t\t\t\t\t\t\t\t\t\t\t\t\t\t\t\t\t\tclass=\"ngg-fancybox\" rel=\"07f17a9caa15c6ab67c3e0a45b1dd40a\">\n\t\t\t\t\t\t\t\t<img\n\t\t\t\t\ttitle=\"PohjalahdenKyl\u00e42\"\n\t\t\t\t\talt=\"PohjalahdenKyl\u00e42\"\n\t\t\t\t\tsrc=\"http:\/\/salmentaka.com\/kyla\/wp-content\/gallery\/pohjalahti\/cache\/PohjalahdenKyl%C3%A42.jpg-nggid0212-ngg0dyn-240x160x100-00f0w010c011r110f110r010t010.jpg\"\n\t\t\t\t\twidth=\"240\"\n\t\t\t\t\theight=\"160\"\n\t\t\t\t\tstyle=\"max-width:100%;\"\n\t\t\t\t\/>\n\t\t\t<\/a>\n\t\t<\/div>\n\t\t\t\t\t\t\t<\/div>\n\t\t\t\n\t\t\n\t\t\t\t<div id=\"ngg-image-1\" class=\"ngg-gallery-thumbnail-box\"\n\t\t\t\t\t\t\t\t\t\t\t>\n\t\t\t\t\t\t<div class=\"ngg-gallery-thumbnail\">\n\t\t\t<a href=\"http:\/\/salmentaka.com\/kyla\/wp-content\/gallery\/pohjalahti\/PohjalahtiUimaranta.jpg\"\n\t\t\t\ttitle=\"\"\n\t\t\t\tdata-src=\"http:\/\/salmentaka.com\/kyla\/wp-content\/gallery\/pohjalahti\/PohjalahtiUimaranta.jpg\"\n\t\t\t\tdata-thumbnail=\"http:\/\/salmentaka.com\/kyla\/wp-content\/gallery\/pohjalahti\/thumbs\/thumbs_PohjalahtiUimaranta.jpg\"\n\t\t\t\tdata-image-id=\"15\"\n\t\t\t\tdata-title=\"PohjalahtiUimaranta\"\n\t\t\t\tdata-description=\"\"\n\t\t\t\tdata-image-slug=\"pohjalahtiuimaranta-1\"\n\t\t\t\t\t\t\t\t\t\t\t\t\t\t\t\t\t\t\t\tclass=\"ngg-fancybox\" rel=\"07f17a9caa15c6ab67c3e0a45b1dd40a\">\n\t\t\t\t\t\t\t\t<img\n\t\t\t\t\ttitle=\"PohjalahtiUimaranta\"\n\t\t\t\t\talt=\"PohjalahtiUimaranta\"\n\t\t\t\t\tsrc=\"http:\/\/salmentaka.com\/kyla\/wp-content\/gallery\/pohjalahti\/cache\/PohjalahtiUimaranta.jpg-nggid0215-ngg0dyn-240x160x100-00f0w010c011r110f110r010t010.jpg\"\n\t\t\t\t\twidth=\"240\"\n\t\t\t\t\theight=\"160\"\n\t\t\t\t\tstyle=\"max-width:100%;\"\n\t\t\t\t\/>\n\t\t\t<\/a>\n\t\t<\/div>\n\t\t\t\t\t\t\t<\/div>\n\t\t\t\n\t\t\n\t\t\n\t\t<!-- Pagination -->\n\t\t<div class='ngg-clear'><\/div>\t<\/div>\n<\/p>\n","protected":false},"excerpt":{"rendered":"<p>Pohjalahdessa on ollut 1500-luvulla kolme taloa. Talot olivat Jussila eli Isotalo, Sepp\u00e4l\u00e4 ja Lasse Tuomaanpoika Kesolaisen talo, kertoo \u00c4L\u00c4H\u00c4N H\u00c4TT\u00c4ILE\u2013kirja. Pohjalahdentien varressa on Tyryll\u00e4 aiemmin Epaalaan kuuluneita taloja. Kyl\u00e4n kautta&#8230;<\/p>\n","protected":false},"author":1,"featured_media":0,"parent":0,"menu_order":0,"comment_status":"closed","ping_status":"closed","template":"","meta":{"ngg_post_thumbnail":0,"footnotes":""},"class_list":["post-55","page","type-page","status-publish","hentry"],"_links":{"self":[{"href":"http:\/\/salmentaka.com\/kyla\/wp-json\/wp\/v2\/pages\/55","targetHints":{"allow":["GET"]}}],"collection":[{"href":"http:\/\/salmentaka.com\/kyla\/wp-json\/wp\/v2\/pages"}],"about":[{"href":"http:\/\/salmentaka.com\/kyla\/wp-json\/wp\/v2\/types\/page"}],"author":[{"embeddable":true,"href":"http:\/\/salmentaka.com\/kyla\/wp-json\/wp\/v2\/users\/1"}],"replies":[{"embeddable":true,"href":"http:\/\/salmentaka.com\/kyla\/wp-json\/wp\/v2\/comments?post=55"}],"version-history":[{"count":3,"href":"http:\/\/salmentaka.com\/kyla\/wp-json\/wp\/v2\/pages\/55\/revisions"}],"predecessor-version":[{"id":244,"href":"http:\/\/salmentaka.com\/kyla\/wp-json\/wp\/v2\/pages\/55\/revisions\/244"}],"wp:attachment":[{"href":"http:\/\/salmentaka.com\/kyla\/wp-json\/wp\/v2\/media?parent=55"}],"curies":[{"name":"wp","href":"https:\/\/api.w.org\/{rel}","templated":true}]}}