{"id":283,"date":"2018-07-15T10:22:19","date_gmt":"2018-07-15T07:22:19","guid":{"rendered":"http:\/\/salmentaka.com\/kyla\/?post_type=tribe_events&#038;p=283"},"modified":"2018-07-15T10:22:19","modified_gmt":"2018-07-15T07:22:19","slug":"luikalan-kesatori-6","status":"publish","type":"tribe_events","link":"http:\/\/salmentaka.com\/kyla\/event\/luikalan-kesatori-6\/","title":{"rendered":"Luikalan kes\u00e4tori"},"content":{"rendered":"<p>Lauantaina 4.8.2018 Luikalan Ty\u00f6v\u00e4entalolla perinteinen kes\u00e4tori. Kahvila ja k\u00e4sity\u00f6myynti klo 12.00, torimyynti alkaa klo 13.00. Myyj\u00e4ksi p\u00e4\u00e4see tulemalla ajoissa paikalle. Tervetuloa!<\/p>\n","protected":false},"excerpt":{"rendered":"<p>Lauantaina 4.8.2018 Luikalan Ty\u00f6v\u00e4entalolla perinteinen kes\u00e4tori. Kahvila ja k\u00e4sity\u00f6myynti klo 12.00, torimyynti alkaa klo 13.00. Myyj\u00e4ksi p\u00e4\u00e4see tulemalla ajoissa paikalle. Tervetuloa!<\/p>\n","protected":false},"author":4,"featured_media":0,"template":"","meta":{"ngg_post_thumbnail":0,"_tribe_events_status":"","_tribe_events_status_reason":"","footnotes":""},"tags":[],"tribe_events_cat":[],"class_list":["post-283","tribe_events","type-tribe_events","status-publish","hentry"],"_links":{"self":[{"href":"http:\/\/salmentaka.com\/kyla\/wp-json\/wp\/v2\/tribe_events\/283","targetHints":{"allow":["GET"]}}],"collection":[{"href":"http:\/\/salmentaka.com\/kyla\/wp-json\/wp\/v2\/tribe_events"}],"about":[{"href":"http:\/\/salmentaka.com\/kyla\/wp-json\/wp\/v2\/types\/tribe_events"}],"author":[{"embeddable":true,"href":"http:\/\/salmentaka.com\/kyla\/wp-json\/wp\/v2\/users\/4"}],"version-history":[{"count":1,"href":"http:\/\/salmentaka.com\/kyla\/wp-json\/wp\/v2\/tribe_events\/283\/revisions"}],"predecessor-version":[{"id":284,"href":"http:\/\/salmentaka.com\/kyla\/wp-json\/wp\/v2\/tribe_events\/283\/revisions\/284"}],"wp:attachment":[{"href":"http:\/\/salmentaka.com\/kyla\/wp-json\/wp\/v2\/media?parent=283"}],"wp:term":[{"taxonomy":"post_tag","embeddable":true,"href":"http:\/\/salmentaka.com\/kyla\/wp-json\/wp\/v2\/tags?post=283"},{"taxonomy":"tribe_events_cat","embeddable":true,"href":"http:\/\/salmentaka.com\/kyla\/wp-json\/wp\/v2\/tribe_events_cat?post=283"}],"curies":[{"name":"wp","href":"https:\/\/api.w.org\/{rel}","templated":true}]}}

Luikalan kesätori

<p>Lauantaina 4.8.2018 Luikalan Työväentalolla perinteinen kesätori. Kahvila ja käsityömyynti klo 12.00, torimyynti alkaa klo 13.00. Myyjäksi pääsee tulemalla ajoissa paikalle. Tervetuloa!</p>
