{"id":296,"date":"2019-05-14T16:45:52","date_gmt":"2019-05-14T13:45:52","guid":{"rendered":"http:\/\/salmentaka.com\/kyla\/?post_type=tribe_events&#038;p=296"},"modified":"2019-05-14T16:45:52","modified_gmt":"2019-05-14T13:45:52","slug":"avoimet-kylat","status":"publish","type":"tribe_events","link":"http:\/\/salmentaka.com\/kyla\/event\/avoimet-kylat\/","title":{"rendered":"Avoimet kyl\u00e4t"},"content":{"rendered":"<p>Pieni k\u00e4velykierros Luikalan kyl\u00e4ss\u00e4, jossa on asuttu jo kivikaudella. Kierroksella kuullaan tarinoita kyl\u00e4n historiasta. Osallistujat kokoontuvat klo 12.00 Luikalan Ty\u00f6v\u00e4entalolla, jossa my\u00f6s kahvitarjoilu. Tervetuloa!<\/p>\n","protected":false},"excerpt":{"rendered":"<p>Pieni k\u00e4velykierros Luikalan kyl\u00e4ss\u00e4, jossa on asuttu jo kivikaudella. Kierroksella kuullaan tarinoita kyl\u00e4n historiasta. Osallistujat kokoontuvat klo 12.00 Luikalan Ty\u00f6v\u00e4entalolla, jossa my\u00f6s kahvitarjoilu. Tervetuloa!<\/p>\n","protected":false},"author":4,"featured_media":0,"template":"","meta":{"ngg_post_thumbnail":0,"_tribe_events_status":"","_tribe_events_status_reason":"","footnotes":""},"tags":[],"tribe_events_cat":[],"class_list":["post-296","tribe_events","type-tribe_events","status-publish","hentry"],"_links":{"self":[{"href":"http:\/\/salmentaka.com\/kyla\/wp-json\/wp\/v2\/tribe_events\/296","targetHints":{"allow":["GET"]}}],"collection":[{"href":"http:\/\/salmentaka.com\/kyla\/wp-json\/wp\/v2\/tribe_events"}],"about":[{"href":"http:\/\/salmentaka.com\/kyla\/wp-json\/wp\/v2\/types\/tribe_events"}],"author":[{"embeddable":true,"href":"http:\/\/salmentaka.com\/kyla\/wp-json\/wp\/v2\/users\/4"}],"version-history":[{"count":1,"href":"http:\/\/salmentaka.com\/kyla\/wp-json\/wp\/v2\/tribe_events\/296\/revisions"}],"predecessor-version":[{"id":297,"href":"http:\/\/salmentaka.com\/kyla\/wp-json\/wp\/v2\/tribe_events\/296\/revisions\/297"}],"wp:attachment":[{"href":"http:\/\/salmentaka.com\/kyla\/wp-json\/wp\/v2\/media?parent=296"}],"wp:term":[{"taxonomy":"post_tag","embeddable":true,"href":"http:\/\/salmentaka.com\/kyla\/wp-json\/wp\/v2\/tags?post=296"},{"taxonomy":"tribe_events_cat","embeddable":true,"href":"http:\/\/salmentaka.com\/kyla\/wp-json\/wp\/v2\/tribe_events_cat?post=296"}],"curies":[{"name":"wp","href":"https:\/\/api.w.org\/{rel}","templated":true}]}}

Avoimet kylät

<p>Pieni kävelykierros Luikalan kylässä, jossa on asuttu jo kivikaudella. Kierroksella kuullaan tarinoita kylän historiasta. Osallistujat kokoontuvat klo 12.00 Luikalan Työväentalolla, jossa myös kahvitarjoilu. Tervetuloa!</p>
