{"id":518,"date":"2024-03-30T11:28:08","date_gmt":"2024-03-30T09:28:08","guid":{"rendered":"https:\/\/salmentaka.com\/kyla\/?post_type=tribe_events&#038;p=518"},"modified":"2024-03-30T11:28:08","modified_gmt":"2024-03-30T09:28:08","slug":"vuosikokous","status":"publish","type":"tribe_events","link":"http:\/\/salmentaka.com\/kyla\/event\/vuosikokous\/","title":{"rendered":"Vuosikokous"},"content":{"rendered":"<p>Kyl\u00e4yhdistyksen s\u00e4\u00e4nt\u00f6m\u00e4\u00e4r\u00e4inen vuosikokous on 7.4.2024 klo 16 alkaen Luikalassa Katariina ja Heikki J\u00e4rvisell\u00e4, J\u00e4rvel\u00e4ntie 151. Esill\u00e4 mm. tulevan kes\u00e4n tapahtumat. Tervetuloa!<\/p>\n","protected":false},"excerpt":{"rendered":"<p>Kyl\u00e4yhdistyksen s\u00e4\u00e4nt\u00f6m\u00e4\u00e4r\u00e4inen vuosikokous on 7.4.2024 klo 16 alkaen Luikalassa Katariina ja Heikki J\u00e4rvisell\u00e4, J\u00e4rvel\u00e4ntie 151. Esill\u00e4 mm. tulevan kes\u00e4n tapahtumat. Tervetuloa!<\/p>\n","protected":false},"author":4,"featured_media":0,"template":"","meta":{"ngg_post_thumbnail":0,"_tribe_events_status":"","_tribe_events_status_reason":"","footnotes":""},"tags":[],"tribe_events_cat":[],"class_list":["post-518","tribe_events","type-tribe_events","status-publish","hentry"],"_links":{"self":[{"href":"http:\/\/salmentaka.com\/kyla\/wp-json\/wp\/v2\/tribe_events\/518","targetHints":{"allow":["GET"]}}],"collection":[{"href":"http:\/\/salmentaka.com\/kyla\/wp-json\/wp\/v2\/tribe_events"}],"about":[{"href":"http:\/\/salmentaka.com\/kyla\/wp-json\/wp\/v2\/types\/tribe_events"}],"author":[{"embeddable":true,"href":"http:\/\/salmentaka.com\/kyla\/wp-json\/wp\/v2\/users\/4"}],"version-history":[{"count":1,"href":"http:\/\/salmentaka.com\/kyla\/wp-json\/wp\/v2\/tribe_events\/518\/revisions"}],"predecessor-version":[{"id":520,"href":"http:\/\/salmentaka.com\/kyla\/wp-json\/wp\/v2\/tribe_events\/518\/revisions\/520"}],"wp:attachment":[{"href":"http:\/\/salmentaka.com\/kyla\/wp-json\/wp\/v2\/media?parent=518"}],"wp:term":[{"taxonomy":"post_tag","embeddable":true,"href":"http:\/\/salmentaka.com\/kyla\/wp-json\/wp\/v2\/tags?post=518"},{"taxonomy":"tribe_events_cat","embeddable":true,"href":"http:\/\/salmentaka.com\/kyla\/wp-json\/wp\/v2\/tribe_events_cat?post=518"}],"curies":[{"name":"wp","href":"https:\/\/api.w.org\/{rel}","templated":true}]}}

<p>Kyläyhdistyksen sääntömääräinen vuosikokous on 7.4.2024 klo 16 alkaen Luikalassa Katariina ja Heikki Järvisellä, Järveläntie 151. Esillä mm. tulevan kesän tapahtumat. Tervetuloa!</p>
