{"id":18,"date":"2015-08-27T10:36:29","date_gmt":"2015-08-27T10:36:29","guid":{"rendered":"http:\/\/salmentaka.com\/vpk\/?page_id=18"},"modified":"2015-08-27T13:42:54","modified_gmt":"2015-08-27T13:42:54","slug":"pitopalvelu","status":"publish","type":"page","link":"https:\/\/salmentaka.com\/vpk\/pitopalvelu\/","title":{"rendered":"PITOPALVELU"},"content":{"rendered":"<p>Pitopalvelu<\/p>\n<p>Salmentaan Vpk:n kautta j\u00e4rjestyy erilaiset menut niin saunailtoihin, kuin suurempaankin syntym\u00e4p\u00e4iv\u00e4tapahtumaan.<\/p>\n<p>Kysy tarjousta <a href=\"mailto:tapahtumat@salmentaka.com\">tapahtumat@salmentaka.com<\/a><\/p>\n","protected":false},"excerpt":{"rendered":"<p>Pitopalvelu Salmentaan Vpk:n kautta j\u00e4rjestyy erilaiset menut niin saunailtoihin, kuin suurempaankin syntym\u00e4p\u00e4iv\u00e4tapahtumaan. Kysy tarjousta tapahtumat@salmentaka.com<\/p>\n","protected":false},"author":1,"featured_media":0,"parent":0,"menu_order":0,"comment_status":"closed","ping_status":"closed","template":"","meta":{"ngg_post_thumbnail":0,"footnotes":""},"class_list":["post-18","page","type-page","status-publish","hentry"],"_links":{"self":[{"href":"https:\/\/salmentaka.com\/vpk\/wp-json\/wp\/v2\/pages\/18","targetHints":{"allow":["GET"]}}],"collection":[{"href":"https:\/\/salmentaka.com\/vpk\/wp-json\/wp\/v2\/pages"}],"about":[{"href":"https:\/\/salmentaka.com\/vpk\/wp-json\/wp\/v2\/types\/page"}],"author":[{"embeddable":true,"href":"https:\/\/salmentaka.com\/vpk\/wp-json\/wp\/v2\/users\/1"}],"replies":[{"embeddable":true,"href":"https:\/\/salmentaka.com\/vpk\/wp-json\/wp\/v2\/comments?post=18"}],"version-history":[{"count":1,"href":"https:\/\/salmentaka.com\/vpk\/wp-json\/wp\/v2\/pages\/18\/revisions"}],"predecessor-version":[{"id":19,"href":"https:\/\/salmentaka.com\/vpk\/wp-json\/wp\/v2\/pages\/18\/revisions\/19"}],"wp:attachment":[{"href":"https:\/\/salmentaka.com\/vpk\/wp-json\/wp\/v2\/media?parent=18"}],"curies":[{"name":"wp","href":"https:\/\/api.w.org\/{rel}","templated":true}]}}